der when 6444 is divided by 444.
228
Calculate the remainder when 12488 is divided by 183.
44
What is the remainder when 68152 is divided by 186?
76
What is the remainder when 6239 is divided by 96?
95
Calculate the remainder when 2606943 is divided by 868979.
6
What is the remainder when 1141973 is divided by 38?
35
What is the remainder when 2045 is divided by 680?
5
Calculate the remainder when 2850 is divided by 489.
405
What is the remainder when 2483 is divided by 819?
26
What is the remainder when 7636 is divided by 37?
14
What is the remainder when 5056 is divided by 54?
34
Calculate the remainder when 679 is divided by 32.
7
What is the remainder when 588 is divided by 427?
161
Calculate the remainder when 2026023 is divided by 88.
87
What is the remainder when 95161 is divided by 101?
19
Calculate the remainder when 9467 is divided by 1363.
1289
What is the remainder when 368757 is divided by 79?
64
Calculate the remainder when 36075 is divided by 2775.
0
Calculate the remainder when 18744 is divided by 39.
24
What is the remainder when 30791 is divided by 173?
170
What is the remainder when 1752 is divided by 258?
204
What is the remainder when 662 is divided by 131?
7
What is the remainder when 18165 is divided by 335?
75
Calculate the remainder when 3452 is divided by 63.
50
Calculate the remainder when 72727 is divided by 81.
70
Calculate the remainder when 1356 is divided by 671.
14
Calculate the remainder when 219956 is divided by 84.
44
What is the remainder when 3694 is divided by 443?
150
Calculate the remainder when 1206861 is divided by 464.
461
Calculate the remainder when 3787 is divided by 3.
1
Calculate the remainder when 30593 is divided by 20.
13
Calculate the remainder when 1107600 is divided by 8.
0
Calculate the remainder when 7245 is divided by 256.
77
What is the remainder when 9497 is divided by 49?
40
What is the remainder when 45209 is divided by 16?
9
What is the remainder when 12511 is divided by 147?
16
Calculate the remainder when 6723 is divided by 118.
115
What is the remainder when 11083 is divided by 51?
16
Calculate the remainder when 40656 is divided by 380.
376
What is the remainder when 174 is divided by 134?
40
What is the remainder when 272 is divided by 55?
52
What is the remainder when 401239 is divided by 12?
7
Calculate the remainder when 3493 is divided by 578.
25
Calculate the remainder when 214528 is divided by 127.
25
Calculate the remainder when 11070 is divided by 38.
12
What is the remainder when 5625 is divided by 703?
1
Calculate the remainder when 4384 is divided by 184.
152
What is the remainder when 12758045 is divided by 42?
41
Calculate the remainder when 1521919 is divided by 580.
579
Calculate the remainder when 19565 is divided by 436.
381
Calculate the remainder when 68843 is divided by 281.
279
What is the remainder when 9157 is divided by 1?
0
Calculate the remainder when 1294 is divided by 332.
298
Calculate the remainder when 236 is divided by 2.
0
What is the remainder when 33998 is divided by 500?
498
What is the remainder when 6641 is divided by 1340?
1281
What is the remainder when 10325 is divided by 108?
65
Calculate the remainder when 649 is divided by 641.
8
Calculate the remainder when 1311554 is divided by 12144.
2
What is the remainder when 3032 is divided by 510?
482
What is the remainder when 15573 is divided by 1?
0
Calculate the remainder when 5734 is divided by 2226.
1282
Calculate the remainder when 977 is divided by 850.
127
What is the remainder when 69511 is divided by 370?
321
Calculate the remainder when 24894 is divided by 20.
14
Calculate the remainder when 22708 is divided by 86.
4
What is the remainder when 198 is divided by 78?
42
What is the remainder when 141396 is divided by 9?
6
Calculate the remainder when 1995 is divided by 600.
195
What is the remainder when 2811 is divided by 503?
296
What is the remainder when 17686 is divided by 699?
211
What is the remainder when 6440 is divided by 1070?
20
What is the remainder when 1502 is divided by 74?
22
Calculate the remainder when 1242 is divided by 127.
99
What is the remainder when 4497 is divided by 964?
641
What is the remainder when 180980 is divided by 90486?
8
What is the remainder when 7464 is divided by 309?
48
What is the remainder when 4874104 is divided by 76?
72
What is the remainder when 14658 is divided by 200?
58
Calculate the remainder when 82636 is divided by 16.
12
What is the remainder when 19782 is divided by 30?
12
What is the remainder when 1623 is divided by 1216?
407
What is the remainder when 1618 is divided by 428?
334
What is the remainder when 9463 is divided by 186?
163
Calculate the remainder when 364322 is divided by 247.
244
What is the remainder when 342110 is divided by 220?
10
What is the remainder when 4771 is divided by 119?
11
What is the remainder when 1087 is divided by 193?
122
Calculate the remainder when 5830 is divided by 31.
2
What is the remainder when 409365 is divided by 222?
219
Calculate the remainder when 296794 is divided by 700.
694
Calculate the remainder when 74225 is divided by 13.
8
Calculate the remainder when 47015 is divided by 7835.
5
Calculate the remainder when 26129 is divided by 1500.
629
What is the remainder when 346185 is divided by 6?
3
Calculate the remainder when 7829 is divided by 163.
5
Calculate the remainder when 55037 is divided by 18263.
248
What is the remainder when 4422 is divided by 224?
166
What is the remainder when 17215 is divided by 357?
79
What is the remainder when 865550 is divided by 16?
14
Calculate the remainder when 99495 is divided by 68.
11
Calculate the remainder when 9186 is divided by 125.
61
What is the remainder when 260031 is divided by 129990?
51
What is the remainder when 7839 is divided by 23?
19
Calculate the remainder when 346490 is divided by 21.
11
Calculate the remainder when 637 is divided by 477.
160
What is the remainder when 1435530 is divided by 18?
12
What is the remainder when 1590 is divided by 417?
339
Calculate the remainder when 4819 is divided by 156.
139
What is the remainder when 7764 is divided by 110?
64
Calculate the remainder when 4516 is divided by 1125.
16
Calculate the remainder when 2323 is divided by 2291.
32
What is the remainder when 346783 is divided by 183?
181
Calculate the remainder when 960790 is divided by 234.
220
What is the remainder when 490343 is divided by 14?
7
Calculate the remainder when 29992 is divided by 68.
4
What is the remainder when 297796 is divided by 163?
158
What is the remainder when 1452 is divided by 278?
62
What is the remainder when 6565 is divided by 40?
5
Calculate the remainder when 1628 is divided by 299.
133
Calculate the remainder when 2246 is divided by 1.
0
What is the remainder when 530 is divided by 516?
14
What is the remainder when 213835 is divided by 7?
6
Calculate the remainder when 7983 is divided by 733.
653
Calculate the remainder when 1662 is divided by 612.
438
Calculate the remainder when 32411 is divided by 16203.
5
What is the remainder when 6681 is divided by 109?
32
Calculate the remainder when 56034 is divided by 117.
108
What is the remainder when 14965 is divided by 21?
13
What is the remainder when 123941 is divided by 1291?
5
What is the remainder when 263831 is divided by 12?
11
What is the remainder when 173579 is divided by 107?
25
Calculate the remainder when 547 is divided by 266.
15
Calculate the remainder when 61839 is divided by 20602.
33
What is the remainder when 1486 is divided by 366?
22
What is the remainder when 219427 is divided by 22?
21
What is the remainder when 1807343 is divided by 168?
167
What is the remainder when 31161 is divided by 32?
25
What is the remainder when 195478 is divided by 540?
538
Calculate the remainder when 128921 is divided by 76.
25
What is the remainder when 277947 is divided by 150?
147
Calculate the remainder when 3875 is divided by 40.
35
Calculate the remainder when 37550 is divided by 9385.
10
Calculate the remainder when 1756822 is divided by 293.
287
Calculate the remainder when 8277 is divided by 622.
191
What is the remainder when 3312 is divided by 823?
20
Calculate the remainder when 19273 is divided by 1479.
46
Calculate the remainder when 